{"id":2942,"date":"2024-07-24T16:57:33","date_gmt":"2024-07-24T14:57:33","guid":{"rendered":"http:\/\/aipe78114.org\/?page_id=2942"},"modified":"2024-07-24T17:13:34","modified_gmt":"2024-07-24T15:13:34","slug":"notre-organisation","status":"publish","type":"page","link":"https:\/\/aipe78114.org\/?page_id=2942","title":{"rendered":"Notre organisation"},"content":{"rendered":"\n<div class=\"wp-block-group alignfull has-accent-2-background-color has-background has-global-padding is-layout-constrained wp-container-core-group-is-layout-d89aad35 wp-block-group-is-layout-constrained\" style=\"margin-top:0;margin-bottom:0;padding-top:var(--wp--preset--spacing--50);padding-right:var(--wp--preset--spacing--50);padding-bottom:var(--wp--preset--spacing--50);padding-left:var(--wp--preset--spacing--50)\">\n<div class=\"wp-block-columns alignwide is-layout-flex wp-container-core-columns-is-layout-1da03c2a wp-block-columns-is-layout-flex\">\n<div class=\"wp-block-column is-layout-flow wp-block-column-is-layout-flow\" style=\"flex-basis:40%\">\n<h3 class=\"wp-block-heading has-text-align-left has-base-2-color has-text-color has-link-color wp-elements-e8c794cb36c6fd1a3c251d88ae052821\"><strong>NOS ADHERENTS<\/strong><\/h3>\n\n\n\n<div style=\"height:10px\" aria-hidden=\"true\" class=\"wp-block-spacer\"><\/div>\n\n\n\n<p>L&rsquo;AIPE de Magny-les-Hameaux se compose de membres actifs et de membres bienfaiteurs. <\/p>\n\n\n\n<p>Tout parent ayant vers\u00e9 sa cotisation annuelle \u00e0 l&rsquo;AIPE de Magny-les-Hameaux est consid\u00e9r\u00e9 comme membre de l&rsquo;association.<\/p>\n\n\n\n<p>A ce jour, <strong>l&rsquo;AIPE de Magny-les-Hameaux compte 80 adh\u00e9rents<\/strong>.<\/p>\n\n\n\n<p>Une seule cotisation est due par famille. Elle est fix\u00e9e chaque ann\u00e9e par l&rsquo;Assembl\u00e9e G\u00e9n\u00e9rale, sur proposition du Conseil d&rsquo;Administration. <\/p>\n\n\n\n<p>A ce jour, <strong>la cotisation annuelle est fix\u00e9e \u00e0\u00a08\u20ac<\/strong> pour les membres actifs, 10\u20ac ou plus pour les membres bienfaiteurs.<\/p>\n\n\n\n<p>Tout parent ayant au moins un enfant scolaris\u00e9 dans un des \u00e9tablissements de Magny-les-Hameaux peut adh\u00e9rer \u00e0 l&rsquo;AIPE et devenir membre de l&rsquo;association. <\/p>\n\n\n\n<div class=\"wp-block-buttons is-content-justification-center is-layout-flex wp-container-core-buttons-is-layout-a89b3969 wp-block-buttons-is-layout-flex\">\n<div class=\"wp-block-button has-custom-width wp-block-button__width-100 has-custom-font-size is-style-fill has-medium-font-size\"><a class=\"wp-block-button__link has-accent-2-color has-base-2-background-color has-text-color has-background has-link-color wp-element-button\"><strong>Je rejoins l&rsquo;AIPE<\/strong><\/a><\/div>\n<\/div>\n\n\n\n<div style=\"height:10px\" aria-hidden=\"true\" class=\"wp-block-spacer\"><\/div>\n\n\n\n<p>Tout parent membre de l&rsquo;association peut se pr\u00e9senter comme candidat aux \u00e9lections des Repr\u00e9sentants des Parents d&rsquo;El\u00e8ves (RPE) dans l'(les) \u00e9tablissement(s) o\u00f9 son(ses) enfant(s) est(sont) scolaris\u00e9(s) et tous les volontaires sont les bienvenus.<\/p>\n\n\n\n<div class=\"wp-block-buttons is-content-justification-center is-layout-flex wp-container-core-buttons-is-layout-a89b3969 wp-block-buttons-is-layout-flex\">\n<div class=\"wp-block-button has-custom-width wp-block-button__width-100 has-custom-font-size is-style-fill has-medium-font-size\"><a class=\"wp-block-button__link has-accent-2-color has-base-2-background-color has-text-color has-background has-link-color wp-element-button\"><strong>Je souhaite \u00eatre un RPE<\/strong><\/a><\/div>\n<\/div>\n<\/div>\n\n\n\n<div class=\"wp-block-column is-layout-flow wp-block-column-is-layout-flow\" style=\"flex-basis:40%\">\n<h3 class=\"wp-block-heading has-text-align-left has-base-2-color has-text-color has-link-color wp-elements-c769076cf56517890b2356e8940b5f0a\"><strong>NOTRE BUREAU<\/strong><\/h3>\n\n\n\n<div style=\"height:10px\" aria-hidden=\"true\" class=\"wp-block-spacer\"><\/div>\n\n\n\n<p>Le bureau est renouvel\u00e9 tous les ans en Assembl\u00e9e G\u00e9n\u00e9rale et est constitu\u00e9 d&rsquo;au moins un pr\u00e9sident, un secr\u00e9taire et un tr\u00e9sorier.<\/p>\n\n\n\n<p>Tout adh\u00e9rent peut se pr\u00e9senter comme candidat \u00e0 l&rsquo;un des postes du bureau et tous les volontaires sont les bienvenus.<\/p>\n\n\n\n<p>Pour 2023-2024, le bureau est constitu\u00e9 de :<\/p>\n\n\n\n<ul class=\"wp-block-list\">\n<li>Pr\u00e9sidente : Sidonie Patou<\/li>\n\n\n\n<li>Tr\u00e9sori\u00e8re : Odile Ladouceur Rayar<\/li>\n\n\n\n<li>Secr\u00e9taire :&nbsp;Ariane Keusch<\/li>\n<\/ul>\n\n\n\n<div class=\"wp-block-buttons is-content-justification-center is-layout-flex wp-container-core-buttons-is-layout-a89b3969 wp-block-buttons-is-layout-flex\">\n<div class=\"wp-block-button has-custom-width wp-block-button__width-100 has-custom-font-size is-style-fill has-medium-font-size\"><a class=\"wp-block-button__link has-accent-2-color has-base-2-background-color has-text-color has-background has-link-color wp-element-button\"><strong>Je souhaite participer au bureau<\/strong><\/a><\/div>\n<\/div>\n<\/div>\n<\/div>\n<\/div>\n","protected":false},"excerpt":{"rendered":"<p>NOS ADHERENTS L&rsquo;AIPE de Magny-les-Hameaux se compose de membres actifs et de membres bienfaiteurs. Tout parent ayant vers\u00e9 sa cotisation annuelle \u00e0 l&rsquo;AIPE de Magny-les-Hameaux est consid\u00e9r\u00e9 comme membre de l&rsquo;association. A ce jour, l&rsquo;AIPE de Magny-les-Hameaux compte 80 adh\u00e9rents. Une seule cotisation est due par famille. Elle est fix\u00e9e chaque ann\u00e9e par l&rsquo;Assembl\u00e9e G\u00e9n\u00e9rale, [&hellip;]<\/p>\n","protected":false},"author":1,"featured_media":0,"parent":0,"menu_order":0,"comment_status":"closed","ping_status":"closed","template":"","meta":{"footnotes":""},"class_list":["post-2942","page","type-page","status-publish","hentry"],"_links":{"self":[{"href":"https:\/\/aipe78114.org\/index.php?rest_route=\/wp\/v2\/pages\/2942","targetHints":{"allow":["GET"]}}],"collection":[{"href":"https:\/\/aipe78114.org\/index.php?rest_route=\/wp\/v2\/pages"}],"about":[{"href":"https:\/\/aipe78114.org\/index.php?rest_route=\/wp\/v2\/types\/page"}],"author":[{"embeddable":true,"href":"https:\/\/aipe78114.org\/index.php?rest_route=\/wp\/v2\/users\/1"}],"replies":[{"embeddable":true,"href":"https:\/\/aipe78114.org\/index.php?rest_route=%2Fwp%2Fv2%2Fcomments&post=2942"}],"version-history":[{"count":3,"href":"https:\/\/aipe78114.org\/index.php?rest_route=\/wp\/v2\/pages\/2942\/revisions"}],"predecessor-version":[{"id":2947,"href":"https:\/\/aipe78114.org\/index.php?rest_route=\/wp\/v2\/pages\/2942\/revisions\/2947"}],"wp:attachment":[{"href":"https:\/\/aipe78114.org\/index.php?rest_route=%2Fwp%2Fv2%2Fmedia&parent=2942"}],"curies":[{"name":"wp","href":"https:\/\/api.w.org\/{rel}","templated":true}]}}